divisor of 676 and 219284.
52
Calculate the highest common factor of 465 and 50871.
93
Calculate the highest common factor of 147 and 28266.
21
What is the greatest common divisor of 125832 and 88?
8
Calculate the greatest common factor of 40525 and 10.
5
Calculate the highest common factor of 198332 and 5728.
716
Calculate the greatest common divisor of 80100 and 103500.
900
Calculate the highest common factor of 6 and 444282.
6
Calculate the greatest common divisor of 1508 and 464.
116
Calculate the greatest common factor of 25088 and 2548.
196
What is the highest common factor of 164 and 2172?
4
What is the highest common factor of 40 and 10?
10
Calculate the greatest common factor of 12519 and 793.
13
Calculate the highest common divisor of 44 and 232342.
22
Calculate the greatest common divisor of 394905 and 35.
35
What is the greatest common factor of 36 and 183636?
36
Calculate the greatest common factor of 368 and 500.
4
Calculate the highest common divisor of 37584 and 564.
12
What is the highest common divisor of 160957 and 1136?
71
Calculate the highest common divisor of 3309691 and 583.
583
Calculate the highest common factor of 15375 and 85875.
375
What is the greatest common divisor of 2688 and 4008?
24
What is the highest common divisor of 416 and 251488?
32
What is the highest common divisor of 91 and 68341?
91
Calculate the highest common factor of 962 and 8622406.
962
Calculate the greatest common factor of 120610 and 70.
70
What is the highest common divisor of 616422 and 213?
213
What is the greatest common factor of 1313 and 14573?
13
What is the greatest common divisor of 304 and 45258?
38
What is the highest common divisor of 45076 and 708?
236
What is the highest common factor of 3937897 and 731?
731
What is the greatest common factor of 18416 and 48?
16
What is the greatest common divisor of 12 and 17289?
3
Calculate the highest common divisor of 553 and 28045.
79
Calculate the highest common factor of 528 and 374000.
176
Calculate the greatest common factor of 3729 and 26216.
113
Calculate the highest common factor of 354 and 33.
3
Calculate the greatest common factor of 143766 and 14.
14
Calculate the greatest common divisor of 28 and 2297134.
14
What is the highest common divisor of 108 and 39546?
18
Calculate the greatest common factor of 74120 and 32.
8
What is the greatest common factor of 42 and 9987?
3
Calculate the highest common factor of 22 and 5087654.
22
Calculate the greatest common factor of 5664 and 3552.
96
Calculate the highest common divisor of 2926 and 100738.
418
What is the greatest common factor of 166 and 203765?
83
Calculate the highest common factor of 164410 and 2460.
410
What is the highest common factor of 622 and 1703969?
311
Calculate the highest common divisor of 175 and 19075.
175
Calculate the greatest common divisor of 3731 and 6601.
287
What is the greatest common divisor of 81 and 631251?
9
Calculate the greatest common factor of 15695 and 4945.
215
Calculate the highest common factor of 246120 and 2520.
840
What is the highest common divisor of 32 and 553616?
16
What is the highest common divisor of 90844 and 780?
52
What is the greatest common factor of 118 and 156586?
118
Calculate the greatest common divisor of 396 and 14652.
396
Calculate the highest common divisor of 1457274 and 273.
273
What is the highest common divisor of 66 and 3981846?
66
What is the highest common divisor of 50710 and 110?
110
What is the greatest common factor of 17348 and 68?
4
Calculate the greatest common divisor of 43236 and 612.
36
Calculate the greatest common factor of 40629 and 4.
1
Calculate the highest common divisor of 1 and 24257.
1
What is the highest common divisor of 821138 and 604?
302
What is the highest common factor of 1364 and 40964?
44
What is the greatest common factor of 30 and 111530?
10
What is the greatest common divisor of 2431 and 5984?
187
Calculate the greatest common factor of 75315 and 435.
15
Calculate the highest common factor of 1573 and 1417.
13
Calculate the highest common factor of 664800 and 277.
277
What is the greatest common factor of 646 and 2329?
17
Calculate the highest common divisor of 695088 and 648.
216
Calculate the highest common divisor of 44732 and 9706.
422
Calculate the highest common factor of 129 and 408801.
129
Calculate the highest common divisor of 938336 and 128.
32
What is the highest common factor of 98615 and 55?
55
Calculate the highest common divisor of 49 and 175217.
7
Calculate the highest common factor of 6537 and 4287.
3
What is the greatest common divisor of 3530107 and 98?
49
Calculate the greatest common factor of 66526 and 8584.
2146
What is the highest common factor of 1682 and 143666?
58
Calculate the highest common divisor of 70 and 958090.
70
What is the greatest common divisor of 3717 and 10797?
177
What is the greatest common factor of 525 and 424305?
105
Calculate the highest common divisor of 2926 and 3971.
209
Calculate the greatest common factor of 11227 and 43491.
109
Calculate the greatest common factor of 3176 and 31363.
397
What is the greatest common divisor of 3093667 and 584?
73
Calculate the highest common divisor of 911505 and 35.
35
What is the highest common factor of 20874 and 6566?
98
What is the greatest common divisor of 1746300 and 180?
60
What is the highest common divisor of 9375 and 36?
3
Calculate the highest common divisor of 994050 and 50.
50
Calculate the greatest common divisor of 1024 and 1276.
4
What is the highest common factor of 3025 and 15400?
275
What is the highest common factor of 1003820 and 40?
20
Calculate the greatest common factor of 696 and 74008.
232
Calculate the highest common factor of 1240 and 719820.
620
Calculate the highest common factor of 18952 and 4600.
184
What is the greatest common factor of 1540 and 715?
55
What is the greatest common factor of 216 and 4980?
12
What is the highest common divisor of 302083 and 586?
293
Calculate the highest common factor of 3159 and 1677.
39
What is the highest common divisor of 14171 and 37?
37
What is the greatest common divisor of 472203 and 54?
27
What is the greatest common factor of 2128 and 9709?
133
What is the highest common factor of 207 and 96393?
69
What is the highest common divisor of 8083 and 236?
59
What is the greatest common divisor of 2345 and 665?
35
Calculate the highest common divisor of 602262 and 90.
18
Calculate the highest common factor of 1215 and 162.
81
What is the greatest common divisor of 16276 and 3443?
313
What is the highest common factor of 1148029 and 2?
1
Calculate the highest common divisor of 12544 and 20.
4
What is the greatest common divisor of 317 and 433339?
317
Calculate the greatest common divisor of 253 and 44517.
11
What is the highest common factor of 58 and 23983?
29
Calculate the highest common factor of 40 and 17980.
20
What is the greatest common divisor of 147 and 2052561?
147
Calculate the greatest common factor of 6 and 289444.
2
Calculate the highest common factor of 420 and 26.
2
What is the greatest common divisor of 145 and 189445?
5
Calculate the highest common divisor of 10312 and 462751.
1289
Calculate the highest common divisor of 110 and 221045.
55
What is the highest common factor of 1275 and 406011?
51
What is the highest common divisor of 1425 and 14700?
75
Calculate the greatest common divisor of 8710 and 70694.
26
Calculate the highest common factor of 30 and 417462.
6
What is the greatest common divisor of 5312 and 72874?
166
Calculate the greatest common divisor of 22866 and 4.
2
Calculate the highest common factor of 9540 and 279.
9
Calculate the greatest common divisor of 1708 and 448.
28
Calculate the highest common divisor of 1197 and 64771.
133
What is the highest common factor of 459 and 702?
27
What is the highest common divisor of 906 and 180?
6
What is the greatest common factor of 315000 and 8568?
504
Calculate the highest common factor of 420 and 1375668.
84
What is the greatest common divisor of 507 and 54080?
169
What is the greatest common divisor of 5824 and 21504?
448
Calculate the highest common factor of 8163 and 2979.
9
Calculate the highest common divisor of 11160 and 66681.
279
Calculate the highest common factor of 94767 and 5673.
93
Calc